prime factors of 1845747199?
47, 619, 63443
What are the prime factors of 7056349547?
13, 101, 5374219
List the prime factors of 289197487.
2039, 141833
What are the prime factors of 145433788?
2, 36358447
What are the prime factors of 141285167?
141285167
What are the prime factors of 528550817?
19001, 27817
What are the prime factors of 96159704?
2, 1879, 6397
What are the prime factors of 103445670?
2, 3, 5, 3448189
List the prime factors of 1229705258.
2, 23, 53, 59, 83, 103
List the prime factors of 1962105548.
2, 13, 29, 7699
List the prime factors of 2464393430.
2, 5, 246439343
List the prime factors of 32195033.
13, 2476541
List the prime factors of 554570509.
29, 19123121
What are the prime factors of 2340362990?
2, 5, 7, 4776251
What are the prime factors of 7866378264?
2, 3, 421, 778541
What are the prime factors of 47864422?
2, 263, 90997
What are the prime factors of 53922564?
2, 3, 499283
List the prime factors of 22412078.
2, 13, 373, 2311
List the prime factors of 45644021.
101, 451921
List the prime factors of 206877632.
2, 13, 31, 617
List the prime factors of 244725963.
3, 53, 79, 19483
List the prime factors of 453032482.
2, 7, 61, 619, 857
List the prime factors of 158593859.
3167, 50077
What are the prime factors of 6736491?
3, 748499
What are the prime factors of 4014439836?
2, 3, 11, 30412423
List the prime factors of 1492003426.
2, 29, 25724197
List the prime factors of 1931570903.
37, 52204619
What are the prime factors of 280598778?
2, 3, 15588821
What are the prime factors of 46075142?
2, 29, 794399
List the prime factors of 1968628875.
3, 5, 101, 51977
What are the prime factors of 1299582441?
3, 48132683
What are the prime factors of 1169580621?
3, 11, 35441837
What are the prime factors of 901048321?
821, 1097501
What are the prime factors of 395075759?
13, 19, 181, 8837
List the prime factors of 102049639.
102049639
List the prime factors of 686598384.
2, 3, 1531, 9343
What are the prime factors of 8768322?
2, 3, 73, 6673
List the prime factors of 2332161052.
2, 13, 1123, 39937
List the prime factors of 244047047.
41, 5952367
What are the prime factors of 578125275?
3, 5, 7, 13, 12101
List the prime factors of 29781620.
2, 5, 11, 17, 7963
List the prime factors of 1885795842.
2, 3, 7, 173, 259537
What are the prime factors of 1105799003?
1105799003
What are the prime factors of 323396352?
2, 3, 140363
What are the prime factors of 42107847?
3, 149, 94201
What are the prime factors of 214217386?
2, 107108693
List the prime factors of 47189193.
3, 409, 38459
What are the prime factors of 91499895?
3, 5, 571, 1187
What are the prime factors of 53968000?
2, 5, 3373
List the prime factors of 101425066.
2, 37, 61, 22469
What are the prime factors of 6466116365?
5, 1293223273
List the prime factors of 3960165489.
3, 7, 431, 437539
What are the prime factors of 876913969?
876913969
List the prime factors of 2812636947.
3, 937545649
List the prime factors of 95714606.
2, 13, 1367, 2693
List the prime factors of 6255439.
17, 227, 1621
What are the prime factors of 603656916?
2, 3, 50304743
List the prime factors of 4466625.
3, 5, 43, 277
What are the prime factors of 73848927?
3, 389, 63281
List the prime factors of 302014556.
2, 75503639
List the prime factors of 62313371.
23, 599, 4523
List the prime factors of 62571888.
2, 3, 31, 107, 131
What are the prime factors of 1292089067?
53, 24379039
List the prime factors of 6577453.
17, 37, 10457
What are the prime factors of 199828494?
2, 3, 173, 64171
What are the prime factors of 54267260?
2, 5, 751, 3613
What are the prime factors of 394064152?
2, 23, 2141653
List the prime factors of 579972039.
3, 349, 359, 1543
List the prime factors of 5985798531.
3, 43, 661, 70199
What are the prime factors of 178931447?
199, 899153
List the prime factors of 4847311881.
3, 17, 4019, 7883
What are the prime factors of 165598786?
2, 82799393
What are the prime factors of 58211643?
3, 7, 23, 191, 631
What are the prime factors of 238831852?
2, 7, 79, 107971
List the prime factors of 136794448.
2, 7, 1221379
What are the prime factors of 23101957?
47, 491531
What are the prime factors of 670330419?
3, 11, 139, 317, 461
What are the prime factors of 2469191672?
2, 61, 601, 8419
What are the prime factors of 1759110140?
2, 5, 137, 642011
List the prime factors of 54394387.
149, 365063
List the prime factors of 1851080761.
1851080761
What are the prime factors of 101294515?
5, 7, 31, 13337
What are the prime factors of 886071465?
3, 5, 19690477
What are the prime factors of 86364644?
2, 21591161
What are the prime factors of 1177830955?
5, 7, 151, 222863
List the prime factors of 44275337.
43, 431, 2389
What are the prime factors of 9738910?
2, 5, 973891
What are the prime factors of 2987653094?
2, 953, 1567499
What are the prime factors of 6083114747?
73, 83330339
List the prime factors of 1827488836.
2, 1481, 308489
What are the prime factors of 2278385174?
2, 13, 29, 211, 14321
List the prime factors of 593356440.
2, 3, 5, 17, 290861
What are the prime factors of 136433200?
2, 5, 341083
What are the prime factors of 4462540?
2, 5, 43, 5189
List the prime factors of 1650261428.
2, 107, 619, 6229
What are the prime factors of 1423427870?
2, 5, 142342787
What are the prime factors of 120376875?
3, 5, 19, 31, 109
List the prime factors of 88307665.
5, 17661533
List the prime factors of 1400804365.
5, 479, 487, 1201
What are the prime factors of 147983442?
2, 3, 24663907
What are the prime factors of 81349909?
353, 230453
List the prime factors of 1166189739.
3, 11, 13, 67, 3121
List the prime factors of 248791955.
5, 109, 456499
What are the prime factors of 31506612?
2, 3, 2625551
List the prime factors of 232408214.
2, 116204107
List the prime factors of 51351263.
353, 145471
What are the prime factors of 312254571?
3, 29, 3589133
What are the prime factors of 5489369969?
5489369969
List the prime factors of 833892382.
2, 421, 990371
What are the prime factors of 72165015?
3, 5, 13, 281, 439
List the prime factors of 135818390.
2, 5, 13581839
List the prime factors of 421057561.
307, 383, 3581
What are the prime factors of 61131452?
2, 1373, 11131
List the prime factors of 1175233425.
3, 5, 15669779
List the prime factors of 838356384.
2, 3, 8732879
List the prime factors of 762621083.
7, 2677, 40697
List the prime factors of 15496603.
15496603
List the prime factors of 14567052.
2, 3, 1213921
List the prime factors of 3271495546.
2, 11, 853, 174331
List the prime factors of 64934670.
2, 3, 5, 2164489
List the prime factors of 338759713.
338759713
What are the prime factors of 11354468?
2, 2838617
What are the prime factors of 2493268519?
7, 79, 644089
List the prime factors of 10591252.
2, 7, 54037
List the prime factors of 1474777919.
29, 3917, 12983
List the prime factors of 16052576.
2, 311, 1613
What are the prime factors of 4384206347?
17, 257894491
List the prime factors of 1506082350.
2, 3, 5, 2341, 4289
List the prime factors of 291426612.
2, 3, 83, 101, 2897
List the prime factors of 474460182.
2, 3, 7, 59, 63823
List the prime factors of 1423058.
2, 7, 13, 1117
List the prime factors of 119269590.
2, 3, 5, 11, 73, 4951
What are the prime factors of 2326010555?
5, 11, 2383, 17747
List the prime factors of 464897857.
79, 83, 70901
What are the prime factors of 760274413?
59, 12886007
What are the prime factors of 894318226?
2, 13219, 33827
List the prime factors of 2548356322.
2, 557, 887, 2579
What are the prime factors of 37163617?
509, 73013
List the prime factors of 10871823.
3, 17, 213173
What are the prime factors of 558135499?
199, 701, 4001
List the prime factors of 301525352.
2, 37690669
List the prime factors of 53018111.
53018111
List the prime factors of 84423740.
2, 5, 1327, 3181
What are the prime factors of 484676?
2, 121169
List the prime factors of 303376196.
2, 75844049
List the prime factors of 1699181488.
2, 23, 37, 124793
List the prime factors of 13685867.
13, 17, 61927
What are the prime factors of 1497840889?
19, 78833731
What are the prime factors of 310249373?
7, 44321339
List the prime factors of 91682268.
2, 3, 61, 251, 499
List the prime factors of 299015612.
2, 7, 53, 201493
List the prime factors of 29447434.
2, 17, 866101
List the prime factors